 Determine c(y).
16
Let h(w) = 80 + 64 + 72 - 228 + 3*w. What is h(13)?
27
Let u be (-2)/(-6) - 0 - 288/216. Let w(d) = -11*d**2 - 1. Let f(x) = -32*x**2 - 3. Let h(z) = 4*f(z) - 11*w(z). What is h(u)?
-8
Let f = -28 - -17. Let n(y) be the first derivative of -y**4/4 - 10*y**3/3 + 6*y**2 + 13*y + 13584. Calculate n(f).
2
Suppose -g + f - 2 = 0, 20 = -3*g + 3*f - 7*f. Let u(x) = -8*x**2 + 10*x - 21. Let r(z) = -3*z**2 + 3*z - 7. Let w(y) = g*u(y) + 11*r(y). Give w(-7).
7
Let v(a) = 3*a + 32. Let l(d) = 6*d + 108. Let b(q) = -2*l(q) + 7*v(q). Give b(1).
17
Suppose 9*m - 32 + 5 = 0. Let h be (-196)/(-4)*m/21. Let d(a) = a**3 - 5*a**2 - 9*a - 8. Determine d(h).
27
Let j(v) be the first derivative of -v + 0*v**2 - 28 + 5/4*v**4 + 2/3*v**3. What is j(-1)?
-4
Let w(x) = x**3 - x**2 - 2*x + 4. Let a(m) be the first derivative of m**4/4 - 11*m**3/3 - 5*m**2 - 24*m + 23. Let r be a(12). Give w(r).
4
Let t(m) = -m**2 + 51*m - 49. Let f be t(1). Let z(d) = d. Calculate z(f).
1
Let v = -32 + 27. Let o be v/(6 + -1 + -8 + 4). Let i(t) = 5*t**2 - 20*t + 11. Let s(p) = 2*p**2 - 7*p + 4. Let f(d) = 3*i(d) - 8*s(d). Calculate f(o).
-4
Let n(i) = i**3 + 4*i**2 - 10*i - 3. Let j be n(2). Let g(b) = 84*b**3 + b. Calculate g(j).
85
Let p(k) = -16*k**2 - 358*k + 76. Let a(h) = -7*h**2 - 156*h + 37. Let c(j) = 7*a(j) - 3*p(j). Determine c(2).
-9
Let q(d) be the first derivative of 2*d**3 + 2*d**2 + 3*d + 60. Let m(x) = 2*x**2 + 0*x**2 - 5*x**2 + 2*x**2. Let l(k) = -4*m(k) - q(k). Give l(-2).
-3
Let j(w) be the first derivative of 5*w**3/3 + w**2 + 5*w + 216. Let q(z) = -z**2 + z - 1. Suppose 0 = -g - 0 - 1. Let f(k) = g*j(k) - 4*q(k). Determine f(-4).
7
Let p(w) = -7*w + 2. Let n(h) = 3*h - 1. Let t(g) = -5*n(g) - 2*p(g). Let d be t(1). Let r(b) = -13*b + 5*b + b - b**2 + 8*b. What is r(d)?
0
Let l(t) = -t**2 - 8*t + 1. Let y(w) = -w**2 - w + 1. Let b(a) = -8*a**2 - 42*a + 7. Let q(g) = -b(g) + 2*y(g). Let o(s) = 11*l(s) + 2*q(s). What is o(6)?
-11
Let f(a) = 2*a**2 + 57*a + 31. Let r be f(-28). Suppose k - 12 = -r*d - 2*k, 4*k = -d - 2. Let q(v) = v**3 - 7*v**2 + 8*v + 5. Give q(d).
17
Let y(a) = -235*a + 105*a**3 + 36 - 5*a**2 + 228*a - 104*a**3. Determine y(5).
1
Let m(a) be the first derivative of a**4/4 - 2*a**3 + 3*a**2 + 3*a - 288. Suppose 0 = 5*p - 5*q + 155, -p - 2*q - 14 - 20 = 0. Let b be -10*4/(p/4). Give m(b).
8
Let q(c) = -c**3 + 2*c**2 + 2*c. Suppose 3*a - 13 = -3*y + 5, 3*a - 22 = -5*y. Suppose -y*p + 70 = 74. What is q(p)?
12
Suppose 16*w - 1200 = w. Suppose 23 = 19*u + w. Let a(t) = 6*t - 3. Determine a(u).
-21
Let n(h) = -4*h - 2. Let y be (-2)/(-18)*6*6. Suppose -4*w + x = 8, 5*w - 7*w = y*x + 22. Calculate n(w).
10
Let o(n) = -2*n**2 - n - 2. Let w(r) = 2*r**2 - 2*r. Let q be w(1). Let a(f) = -4*f**3 + 1 - 2*f + f**3 + f**2 + q*f + 1. Let j be a(1). What is o(j)?
-8
Let w(h) = -5*h - 61. Let p = -122 + 110. Let r be w(p). Let m(n) be the second derivative of 2*n**4/3 - n**3/6 - n**2/2 - n. Determine m(r).
8
Let h be (22/33)/(1/9). Let t(g) = -g**2 + 9*g - 6. Let l be t(8). Let p(m) = -12*m**2 + 32*m**2 + 6 - 9*m - 18*m**l. Determine p(h).
24
Suppose -5*c + 5*n + 80 = 0, 3*n - 8*n = 5*c - 40. Suppose -9*h + 6 + c = 0. Let l(a) = a**3 - a**2 + 2*a - 1. Determine l(h).
7
Let b(n) be the first derivative of n**4/4 - 10*n**3/3 - n**2/2 + 12*n - 20. Give b(10).
2
Let u = 2565 - 2563. Let m(r) = 3*r**2 - 4*r + 2. Determine m(u).
6
Let f(y) be the second derivative of 5/2*y**3 - 1 + 83*y - 2*y**2. Determine f(4).
56
Let c(j) = j**3 + 4*j**2 + 8*j + 21. Suppose 2*u - 29*r + 26 = -24*r, -27 = 5*u - 3*r. Give c(u).
6
Suppose 0 = 5*b - 3*k - 21, -5*b + k + 42 = -5*k. Let g(f) be the second derivative of -f**2 + f**3 + 3*f - 1/12*f**4 + b. What is g(4)?
6
Let v(l) = 2*l**3 + 34*l**2 + 76*l - 2. Let a(q) = q**3 + 2*q**2 + 10*q + 1. Let w(d) = 6*a(d) - v(d). Determine w(6).
-16
Suppose -2*q = 3*q - m - 3, 4*q - 2*m = 0. Let z(p) = p + 1. Let k(d) = -d**2 - 12*d - 9. Let y(o) = q*k(o) + 4*z(o). What is y(-4)?
11
Suppose -5*q + 229 = -96. Suppose -q + 155 = 15*t. Let s(k) = 7*k - 44. What is s(t)?
-2
Let r(z) be the third derivative of z**6/120 - 3*z**5/20 - z**4/24 + 67*z**2 - 7. Calculate r(9).
-9
Let m be (-1)/(-9)*2 + (-32901)/(-297). Let h(o) = -16*o + 15*o + m + o**2 - 112 + 12*o**3. Give h(-1).
-11
Let j be 36/(-45)*(-5)/2. Let v(i) = -8*i - 9*i**j - 4 + 0 - 4 + 0*i - i**3. Let t be ((-40)/(-15))/(3/(-9)). What is v(t)?
-8
Let i(l) = 8*l + 3. Let g(v) = 18*v + 15. Let s be g(-1). Let k(a) = -3*a - 1. Let f(j) = s*i(j) - 7*k(j). Give f(3).
-11
Let u(k) = -k**3 + 8*k**2 + 6*k + 36. Let b be u(9). Let g(i) = 2*i - 8*i**2 + 2*i + b*i**2. Let w(x) = -x**2 + 4*x - 5. Let l be w(4). What is g(l)?
5
Let x(n) = -n**2 - 5*n + 5. Let q(v) = 9*v**2 - 11*v + 21. Let u be q(3). Suppose 3*r - 2*f = -231, 2*r = 4*r - 4*f + 162. Let d = r + u. Calculate x(d).
-1
Let v(l) = -2*l + 26*l**3 + l - 1 - 50*l**3 + 25*l**3. Let c(t) = 7*t**3 + 4*t**2 - 5*t - 1. Let z(m) = -c(m) + 6*v(m). Suppose -15 - 1 = 4*y. Calculate z(y).
-1
Let b(g) = 8*g + 11. Let t(k) = 27*k + 75. Let l(c) = -7*c - 18. Let z(d) = -9*l(d) - 2*t(d). Let s(u) = -7*b(u) + 6*z(u). What is s(-6)?
7
Suppose 0 = 3*o + 2 + 4, -2*m = 2*o. Let k(r) = m*r - 217 - 224 - 2*r - 2*r + 446. Give k(-9).
23
Let k(u) = 6*u**2 - 6*u + 6. Let g(p) = -5*p**2 + 6*p - 5. Let w = -104 + 109. Let j(z) = w*g(z) + 4*k(z). Give j(5).
4
Let h(t) = -83*t**3 + 6*t**2 + 164*t**3 - 8 - 4*t - 83*t**3. Calculate h(4).
-56
Let k = -560 - -561. Let o(w) = -5*w + 2*w + w + k + 2*w - w. Give o(0).
1
Let f(k) be the third derivative of -k**4/12 + 44*k**2. Let s be 14 - 14 - 17/(17/6). Determine f(s).
12
Let q(m) = m**3 - 31*m**2 - 65*m - 32. Let v be -1 + -1 + 5*3/15 - -34. What is q(v)?
1
Suppose -8*g + 5*g = 5*r - 47, 0 = 3*g - 12. Suppose 4*o + 0*z + 2*z - 64 = 0, -3*z + 6 = 0. Let p(u) = 29 + r*u - o - 13. Determine p(-1).
-6
Let n(c) = c**2 + 10*c - 39. Let z be (9 - (0 - -1)) + -21. Let t be n(z). Let m(l) = -l**2 + 5*l - 5. Give m(t).
-5
Let s(x) = -17*x. Suppose -62 = -k - 129 + 68. Give s(k).
-17
Let w(o) = -22*o**2 + 93*o + 424. Let m be w(7). Let u(h) = 32*h - 7. What is u(m)?
-103
Let k(r) = -5*r - 35. Suppose 10*g + 55 = -25. Calculate k(g).
5
Let c(p) = p**2 + 72*p**3 + 5*p**2 - p**2 - 2*p**2 + 2*p - 71*p**3. What is c(-3)?
-6
Suppose 16*l - 16 = -0*l. Let n(w) = -2*w + 2*w**2 + 67*w**3 + 59*w**3 + l - 124*w**3. Give n(1).
3
Let w be (-4)/(-14)*(-119)/(-2). Let h(b) = w*b**3 + 5*b**3 + 1 - b**3 - 10*b**3. Calculate h(1).
12
Let r(w) = 28*w - 218. Suppose -178*h = -291*h + 904. What is r(h)?
6
Let j(y) = 11*y - 147. Let i(u) = 9*u - 126. Let l(x) = -6*i(x) + 5*j(x). Determine l(22).
43
Let o(r) = -r + 3. Let a = 174 - 127. Suppose 49 = a*u - 40*u. Calculate o(u).
-4
Let y(o) = o + 23. Let t = 5802 - 5816. What is y(t)?
9
Let y(n) = 9*n**2 - 9*n - 1. Let p(r) = r**2 - r - 1. Let b(g) = 6*p(g) - y(g). Suppose 4*t = -6*x - 4, -319*t + 34 = 5*x - 321*t. What is b(x)?
-41
Suppose -29*o = -27*o. Suppose o = -n - 4*s + 2 + 19, -5*s + 24 = n. Let j(b) = -b**3 + 10*b**2 - 10*b + 3. Calculate j(n).
-6
Suppose -6*h - 2*h - 16 = 0. Let l be (h/(-4))/(5/(-10)) - -9. Let i(b) = b**3 - 7*b**2 - 7*b - 8. Calculate i(l).
0
Suppose 21*n = -32*n + 77*n + 288. Let y(k) = k**2 + 25*k + 14. What is y(n)?
-142
Let l(u) = -75*u**2 + u. Let j(d) = 219*d**2 - 3*d. Let f(w) = 4*j(w) + 11*l(w). Calculate f(1).
50
Let a be 48/20 - 18/(-30). Suppose 0 = -f, 2*x - 3*f = -a*x. Suppose x = -7*h - 4*h + 22. Let w(t) = 2*t**3 - 3*t**2 + 2*t + 1. Give w(h).
9
Suppose -39*q + 3*q - 2*q - 38 = 0. Let a(x) = 1 + 5 - x**2 - 5 + 1 - 4*x**3 + 2*x. Determine a(q).
3
Let f(n) = -52*n**2 + 2*n - 2. Let q(r) = 4*r - 91. Let x be q(23). What is f(x)?
-52
Let w be (57 - 33)/(-7 - -4). Let k(o) = -52*o - 422. Calculate k(w).
-6
Let k(b) be the second derivative of -b**3/2 - b**2/2 + 64284*b. Suppose 2*f - 10 = 4*f. Let y = -2 - f. Determine k(y).
-10
Let d(v) be the third derivative of -v**4/24 + v**3/6 + 3*v**2. Let m be d(-4). Let c(z) = -z**2 + z**2 - 688 + 686 - 4*z + z**2. Give c(m).
3
Let h = -245 - -401. Let z = h + -96. Let i(s) = -2*s + 3*s**2 + z - 4*s - 58 + 5*s. Give i(-2).
16
Let n(i) = -2415*i + 84 + 1195*i + 1197*i + 247. Give n(15).
-14
Let b = -5304 - -5295. Let